4
40081
What is 263400 (base 7) in base 16?
c05d
What is 392873 (base 11) in base 6?
21132012
Convert -210033 (base 12) to base 8.
-1764447
What is -2205666 (base 7) in base 4?
-1002021321
Convert 48656 (base 15) to base 2.
111000011000010011
What is 47e2d (base 15) in base 11?
147321
86633 (base 11) to base 3
20101200002
Convert -2830492 (base 11) to base 9.
-10151600
What is 4267a3 (base 13) in base 8?
5740470
120202221102 (base 3) to base 15
6200b
Convert 212222302101 (base 4) to base 7.
152106060
What is 3205892 (base 11) in base 9?
11552726
Convert -30411122 (base 5) to base 15.
-4d5ac
What is -42525342 (base 6) in base 12?
-506852
What is -17213 (base 13) in base 16?
-ad06
What is 9e0f13 (base 16) in base 14?
1538da3
-204153312 (base 6) to base 10
-3560876
-115520 (base 8) to base 12
-1b014
Convert 51418d (base 14) to base 10.
2738833
Convert -22201010001 (base 3) to base 4.
-221312011
Convert -1001220012210 (base 3) to base 15.
-b37d6
What is 3e36 (base 16) in base 2?
11111000110110
-45bb80 (base 12) to base 3
-2002212221020
1b1388 (base 13) to base 6
22430252
Convert -2403735 (base 8) to base 10.
-657373
Convert -110111111110000100 (base 2) to base 10.
-229252
Convert -11cac5 (base 13) to base 12.
-187885
126ba44 (base 14) to base 12
2b77a64
Convert -858061 (base 9) to base 11.
-319a92
-101211202022012 (base 3) to base 12
-1b1a765
What is -1101125 (base 6) in base 11?
-38109
a520579 (base 11) to base 14
266c71c
What is 1867b9 (base 15) in base 9?
2207353
Convert 5104005 (base 6) to base 4.
323010011
What is 11101010101000110110 (base 2) in base 14?
1b0366
310123423 (base 6) to base 5
2331024314
3503330 (base 6) to base 3
100010101200
Convert -23014641 (base 9) to base 5.
-10324422021
-17522 (base 15) to base 12
-3777b
What is 90799 (base 15) in base 6?
13445200
What is 100010010100111000110101 (base 2) in base 5?
4300422303
What is 58640 (base 11) in base 9?
138065
What is -1e234 (base 15) in base 4?
-120001012
What is 6736362 (base 9) in base 6?
205420345
What is ea7844 (base 15) in base 12?
38a4091
What is -103980 (base 10) in base 3?
-12021122010
What is 2022132330 (base 4) in base 5?
121122403
-111011000011100011 (base 2) to base 16
-3b0e3
Convert 107183 (base 15) to base 4.
2333033310
Convert -20202120211 (base 3) to base 6.
-2504121
111637 (base 8) to base 12
19a53
What is -99490 (base 14) in base 16?
-5aa96
What is 100011200010010 (base 3) in base 4?
102212022123
What is 5d362 (base 15) in base 5?
34012032
What is -11223022100 (base 4) in base 6?
-51514332
What is 21232 (base 9) in base 10?
14042
What is 12110211100111 (base 3) in base 12?
b83a27
What is -420010 (base 5) in base 15?
-4120
What is 113302003020 (base 4) in base 3?
102201201212110
What is 372587 (base 9) in base 3?
102102122221
Convert -154d14 (base 15) to base 12.
-417554
What is -1001110110002 (base 3) in base 16?
-88c46
26643c (base 14) to base 12
539a72
-104543410 (base 6) to base 15
-27b3bc
883912 (base 10) to base 7
10341001
Convert -5a0a2 (base 16) to base 11.
-2320a5
Convert -30321110012 (base 4) to base 16.
-339506
What is 111101001000101101000110 (base 2) in base 16?
f48b46
What is -50679e (base 15) in base 12?
-1341b95
What is -1552450 (base 6) in base 3?
-11201001110
What is 10100100101010000 (base 2) in base 11?
58380
-4737a (base 11) to base 15
-153a6
Convert -1121321223 (base 4) to base 8.
-1317153
What is -110001011110110100101 (base 2) in base 12?
-662399
1311040 (base 5) to base 2
110010010101010
What is 812361 (base 9) in base 3?
220102102001
-c5b4e (base 16) to base 7
-6611644
Convert -91a83 (base 13) to base 3.
-111021002021
What is -3885a02 (base 11) in base 6?
-400112314
What is 4042 (base 13) in base 2?
10001010001010
What is 36894 (base 11) in base 13?
1b165
What is -15206523 (base 7) in base 16?
-16172a
101553072 (base 8) to base 15
17a3bb9
What is -45550 (base 7) in base 10?
-11599
What is 2344757 (base 8) in base 5?
131012034
Convert 12000020120 (base 3) to base 4.
120010200
-22803 (base 12) to base 10
-46083
Convert ac3e08 (base 15) to base 2.
11111010101100000000101
What is -4333115 (base 7) in base 14?
-dac7c
450a484 (base 11) to base 8
36120151
Convert 7c2a8 (base 16) to base 5.
112233314
What is -373170 (base 9) in base 11?
-144394
328212 (base 9) to base 12
95702
What is 118c85 (base 14) in base 3?
1010111221201
130b075 (base 13) to base 8
26602227
Convert 1244335 (base 6) to base 16.
10b23
272705 (base 12) to base 13
198812
What is 24204322 (base 6) in base 4?
2322102122
What is -15141312 (base 9) in base 12?
-262b702
517452 (base 12) to base 2
100110111111010111110
-20122024 (base 7) to base 10
-1669399
Convert 2650131 (base 11) to base 14.
874180
69859 (base 10) to base 14
1b65d
223313 (base 9) to base 6
2510450
What is 1444421 (base 6) in base 2?
10100011111111101
What is 1010850 (base 9) in base 14?
100463
What is 6c3c3 (base 13) in base 14?
52432
Convert -10045203 (base 6) to base 9.
-475623
993401 (base 14) to base 13
10cb890
What is 10032632 (base 8) in base 10?
2110874
What is -16809a7 (base 11) in base 16?
-2b9509
-1304334422 (base 5) to base 12
-10a3596
Convert c348d2 (base 15) to base 4.
203121212000
-465161 (base 7) to base 9
-136412
-118978 (base 11) to base 5
-22000024
What is -144050642 (base 7) in base 16?
-91990a
What is -234101532 (base 6) in base 12?
-157a8a8
What is -100002010210 (base 3) in base 10?
-178707
What is -a48c2 (base 13) in base 11?
-192358
What is 404431441 (base 5) in base 14?
30975b
What is -30204411 (base 7) in base 6?
-125413003
2fac99 (base 16) to base 6
150544413
What is -1aa52d (base 15) in base 2?
-100111101100000111111
What is 22532114 (base 6) in base 3?
1022101022201
Convert a87e8 (base 15) to base 3.
1000011221102
-6156404 (base 7) to base 2
-10110011111011000100
What is 112100211220 (base 3) in base 4?
1011001311
-2332013 (base 6) to base 14
-32129
Convert 112123222 (base 4) to base 10.
91882
Convert 13311231300 (base 4) to base 14.
3b6cb6
Convert -98489 (base 11) to base 6.
-3022010
-122020211222 (base 3) to base 11
-212172
Convert -5436341 (base 9) to base 8.
-13102552
What is -170450 (base 11) in base 8?
-1003615
Convert abc094 (base 15) to base 2.
11111001111110100100000
-1110111101000110000 (base 2) to base 11
-305194
-b456b6 (base 12) to base 6
-140352350
What is 999589 (base 13) in base 2?
1101110011101001011001
What is 12513253 (base 6) in base 9?
701126
Convert 935b72 (base 13) to base 6.
201423041
Convert -2819d (base 16) to base 12.
-7b079
8b7bab (base 13) to base 6
154434314
-a79849 (base 12) to base 2
-1010000111000001111001
Convert 48999 (base 10) to base 7.
262566
Convert -7042 (base 12) to base 16.
-2f72
Convert -11560354 (base 7) to base 14.
-1d0d2b
What is -2ba617a (base 12) in base 3?
-121210112122211
-6232321 (base 8) to base 14
-310025
What is -229dcd (base 14) in base 15?
-184905
-95ed5 (base 16) to base 15
-c1e51
What is 14b2f2 (base 16) in base 9?
2486725
What is 10240b4 (base 12) in base 5?
1234101004
Convert 113322030 (base 4) to base 16.
17e8c
What is -10243002423 (base 5) in base 11?
-617a333
What is 16c6c (base 14) in base 7?
326065
Convert -6ba26 (base 12) to base 10.
-144894
What is -15826 (base 11) in base 16?
-5714
34a605 (base 11) to base 12
229752
What is -40010 (base 10) in base 16?
-9c4a
-41002421 (base 6) to base 14
-225405
-aaa096 (base 12) to base 4
-22112113302
Convert 11111011101010100100 (base 2) to base 14.
1cb940
-43214 (base 8) to base 7
-103440
What is -233334 (base 9) in base 16?
-223d2
What is 1137227 (base 8) in base 12?
12bb33
What is 602b8b (base 12) in base 15?
1e8d5e
Convert -cc01 (base 13) to base 14.
-a4c1
What is 3343342334 (base 5) in base 4?
130033111130
Convert 142dab (base 14) to base 11.
438749
-4264495 (base 11) to base 8
-34474430
Convert -7735c (base 16) to base 5.
-111111114
14460c (base 14) to base 12
29b258
167099 (base 15) to base 4
10021112232
Convert 192b64 (base 12) to base 7.
3513316
Convert -1067220 (base 8) to base 12.
-120100
What is 200307 (base 9) in base 4?
130321030
What is 355135 (base 9) in base 7?
1550030
1254133 (base 6) to base 9
115433
Convert 197799 (base 11) to base 9.
511678
1122112120221 (base 3) to base 2
11010110000010010000
-431448 (base 9) to base 6
-5301412
28703 (base 15) to base 7
1050